 180?
2, 3, 5
List the prime factors of 34844.
2, 31, 281
List the prime factors of 2957.
2957
List the prime factors of 5630.
2, 5, 563
List the prime factors of 3722.
2, 1861
List the prime factors of 1526.
2, 7, 109
What are the prime factors of 416?
2, 13
List the prime factors of 10461.
3, 11, 317
What are the prime factors of 28786?
2, 37, 389
List the prime factors of 1556.
2, 389
List the prime factors of 99105.
3, 5, 6607
List the prime factors of 1361.
1361
List the prime factors of 887.
887
What are the prime factors of 85497?
3, 28499
What are the prime factors of 20442?
2, 3, 3407
What are the prime factors of 2232?
2, 3, 31
List the prime factors of 1600.
2, 5
What are the prime factors of 58838?
2, 13, 31, 73
What are the prime factors of 886?
2, 443
What are the prime factors of 659?
659
List the prime factors of 11290.
2, 5, 1129
What are the prime factors of 3031?
7, 433
List the prime factors of 110.
2, 5, 11
List the prime factors of 9755.
5, 1951
What are the prime factors of 41963?
29, 1447
List the prime factors of 1405.
5, 281
List the prime factors of 1346.
2, 673
List the prime factors of 1497.
3, 499
List the prime factors of 1117.
1117
What are the prime factors of 774?
2, 3, 43
List the prime factors of 23239.
17, 1367
What are the prime factors of 3763?
53, 71
List the prime factors of 11601.
3, 1289
List the prime factors of 7975.
5, 11, 29
What are the prime factors of 10666?
2, 5333
List the prime factors of 8325.
3, 5, 37
List the prime factors of 1043.
7, 149
List the prime factors of 396.
2, 3, 11
What are the prime factors of 12408?
2, 3, 11, 47
What are the prime factors of 8127?
3, 7, 43
List the prime factors of 1913.
1913
What are the prime factors of 5053?
31, 163
What are the prime factors of 3568?
2, 223
List the prime factors of 6083.
7, 11, 79
List the prime factors of 9872.
2, 617
List the prime factors of 3329.
3329
List the prime factors of 37932.
2, 3, 29, 109
List the prime factors of 30448.
2, 11, 173
List the prime factors of 16396.
2, 4099
What are the prime factors of 10354?
2, 31, 167
What are the prime factors of 5948?
2, 1487
What are the prime factors of 54279?
3, 37, 163
What are the prime factors of 4361?
7, 89
List the prime factors of 19654.
2, 31, 317
List the prime factors of 5865.
3, 5, 17, 23
What are the prime factors of 27535?
5, 5507
What are the prime factors of 46827?
3, 11, 43
List the prime factors of 420.
2, 3, 5, 7
What are the prime factors of 782?
2, 17, 23
What are the prime factors of 976?
2, 61
What are the prime factors of 354?
2, 3, 59
What are the prime factors of 11082?
2, 3, 1847
What are the prime factors of 11643?
3, 3881
List the prime factors of 2759.
31, 89
What are the prime factors of 4120?
2, 5, 103
List the prime factors of 1392.
2, 3, 29
What are the prime factors of 1279?
1279
List the prime factors of 977.
977
What are the prime factors of 217?
7, 31
List the prime factors of 5977.
43, 139
List the prime factors of 6355.
5, 31, 41
What are the prime factors of 13578?
2, 3, 31, 73
List the prime factors of 483.
3, 7, 23
List the prime factors of 294.
2, 3, 7
What are the prime factors of 2133?
3, 79
What are the prime factors of 3519?
3, 17, 23
What are the prime factors of 1790?
2, 5, 179
List the prime factors of 17117.
17117
List the prime factors of 107952.
2, 3, 13, 173
List the prime factors of 8375.
5, 67
List the prime factors of 64498.
2, 7, 17, 271
List the prime factors of 6177.
3, 29, 71
List the prime factors of 123358.
2, 37, 1667
What are the prime factors of 12895?
5, 2579
List the prime factors of 770.
2, 5, 7, 11
What are the prime factors of 6058?
2, 13, 233
What are the prime factors of 4412?
2, 1103
List the prime factors of 101639.
37, 41, 67
What are the prime factors of 400?
2, 5
What are the prime factors of 318?
2, 3, 53
What are the prime factors of 10598?
2, 7, 757
What are the prime factors of 1048?
2, 131
What are the prime factors of 355?
5, 71
What are the prime factors of 4063?
17, 239
What are the prime factors of 1893?
3, 631
List the prime factors of 690.
2, 3, 5, 23
List the prime factors of 68031.
3, 7559
What are the prime factors of 967?
967
List the prime factors of 119621.
37, 53, 61
What are the prime factors of 6779?
6779
List the prime factors of 18739.
7, 2677
List the prime factors of 1819.
17, 107
List the prime factors of 1846.
2, 13, 71
What are the prime factors of 50161?
103, 487
List the prime factors of 13235.
5, 2647
List the prime factors of 40020.
2, 3, 5, 23, 29
List the prime factors of 773.
773
What are the prime factors of 7222?
2, 23, 157
List the prime factors of 280.
2, 5, 7
What are the prime factors of 269?
269
What are the prime factors of 4963?
7, 709
List the prime factors of 3085.
5, 617
What are the prime factors of 395?
5, 79
List the prime factors of 2871.
3, 11, 29
What are the prime factors of 788?
2, 197
What are the prime factors of 83759?
13, 17, 379
List the prime factors of 2711.
2711
List the prime factors of 1699.
1699
List the prime factors of 46511.
46511
List the prime factors of 364.
2, 7, 13
What are the prime factors of 2779?
7, 397
List the prime factors of 1787.
1787
List the prime factors of 16697.
59, 283
List the prime factors of 365.
5, 73
What are the prime factors of 5269?
11, 479
List the prime factors of 60684.
2, 3, 13, 389
List the prime factors of 14173.
14173
What are the prime factors of 33113?
33113
What are the prime factors of 6519?
3, 41, 53
List the prime factors of 686.
2, 7
What are the prime factors of 3444?
2, 3, 7, 41
What are the prime factors of 7916?
2, 1979
List the prime factors of 24605.
5, 7, 19, 37
What are the prime factors of 3540?
2, 3, 5, 59
What are the prime factors of 5098?
2, 2549
List the prime factors of 2812.
2, 19, 37
List the prime factors of 783.
3, 29
List the prime factors of 100681.
7, 19, 757
What are the prime factors of 47889?
3, 17, 313
List the prime factors of 1108.
2, 277
What are the prime factors of 1670?
2, 5, 167
What are the prime factors of 23244?
2, 3, 13, 149
List the prime factors of 1427.
1427
List the prime factors of 8222.
2, 4111
List the prime factors of 66.
2, 3, 11
List the prime factors of 1870.
2, 5, 11, 17
List the prime factors of 37299.
3, 12433
List the prime factors of 1424.
2, 89
What are the prime factors of 52998?
2, 3, 11, 73
List the prime factors of 2995.
5, 599
List the prime factors of 3394.
2, 1697
What are the prime factors of 3660?
2, 3, 5, 61
What are the prime factors of 349?
349
What are the prime factors of 34153?
7, 17, 41
What are the prime factors of 28475?
5, 17, 67
What are the prime factors of 12494?
2, 6247
What are the prime factors of 6615?
3, 5, 7
List the prime factors of 1710.
2, 3, 5, 19
List the prime factors of 44913.
3, 11, 1361
What are the prime factors of 11?
11
List the prime factors of 1772.
2, 443
List the prime factors of 38275.
5, 1531
What are the prime factors of 7875?
3, 5, 7
List the prime factors of 5183.
71, 73
List the prime factors of 18592.
2, 7, 83
List the prime factors of 3595.
5, 719
What are the prime factors of 37517?
37517
List the prime factors of 68181.
3, 22727
List the prime factors of 4011.
3, 7, 191
What are the prime factors of 3474?
2, 3, 193
List the prime factors of 76621.
193, 397
List the prime factors of 52614.
2, 3, 37, 79
List the prime factors of 33514.
2, 13, 1289
What are the prime factors of 21827?
13, 23, 73
List the prime factors of 993.
3, 331
List the prime factors of 34890.
2, 3, 5, 1163
What are the prime factors of 45899?
7, 79, 83
List the prime factors of 112741.
112741
List the prime factors of 8990.
2, 5, 29, 31
What are the prime factors of 3393?
3, 13, 29
What are the prime factors of 8521?
8521
What are the prime factors of 1282?
2, 641
List the prime factors of 510.
2, 3, 5, 17
List the prime factors of 4144.
2, 7, 37
What are the prime factors of 39702?
2, 3, 13, 509
What are the prime factors of 789?
3, 263
What are the prime factors of 73?
73
List the prime factors of 24013.
11, 37, 59
What are the prime factors of 1406?
2, 19, 37
List the prime factors of 98432.
2, 769
What are the prime factors of 33971?
7, 23, 211
What are the prime factors of 111549?
3, 19, 103
What are the prime fact